 44. Suppose -v*g + 5 = -9*g. Suppose g*a - 181 = -2*r, 3*a - 99 = 4*r - 2*r. Is a a prime number?
False
Let q(r) = 34*r**2 - 22*r + 43. Suppose -2*k = 3*t + 41, 35 - 25 = 2*k. Is q(t) composite?
False
Let j(q) be the second derivative of 0 - 19*q - 7/2*q**2 - 38/3*q**3. Is j(-9) prime?
True
Let j(n) = -40693*n - 1023. Is j(-8) prime?
False
Suppose 4*j = -4*t + 8, -5*t = 4*j - 3 - 2. Suppose -2300 = -j*u + u. Suppose -4*r = -1077 - u. Is r prime?
False
Suppose 6*k + 280 = k. Let u be (-9)/(-12)*-2*k/12. Suppose 0 = -u*n + 8*n - 1195. Is n prime?
False
Is 38476627/(-357)*(-3)/1 a prime number?
True
Suppose 14*b - 19*b = -20, 16 = 4*q + 4*b. Suppose q = -26*g + 9*g + 103513. Is g a prime number?
True
Let r = 172 - 164. Suppose -r*a = -605 - 1115. Is a a composite number?
True
Let w(f) = -225*f - 3. Let l = -43 - -49. Suppose 3*y - 6*y - l = 0. Is w(y) a prime number?
False
Suppose 143*g + 16 = 151*g. Suppose -5*l = 4*m - 14451, -7*l = -g*l + 3*m - 14447. Is l a prime number?
True
Let j(d) = 86*d + 706*d - 640*d + 1400*d - 24 + 1893*d. Is j(2) prime?
False
Suppose -4 = -2*o + 3*j, 3*o + 7*j = 5*j + 6. Suppose 3*w + o*w + 62 = f, f - 68 = 3*w. Is f composite?
True
Let f(g) = 206*g - 4123. Is f(69) a composite number?
False
Let c = -42087 + 102300. Is c composite?
True
Let i(m) = 4385*m**2 - 46*m - 91. Is i(-4) a composite number?
True
Let v = -10305 - -19871. Is v*27/(-72)*-4 prime?
False
Suppose 43338422 = 79*w - 14666459. Is w prime?
False
Let j(r) = -2*r**3 + 2*r**2 + 4*r - 4. Let m be j(2). Let u(x) = 2*x**2 - 4*x - 4. Let v(y) = -y. Let o(z) = m*v(z) + u(z). Is o(5) composite?
True
Let s(v) be the first derivative of 17*v**4/2 - 4*v**3/3 - 3*v**2/2 - v - 1. Let a be -3*(-15)/9 - 1. Is s(a) a composite number?
False
Let i = 14 - 10. Suppose 5*g = -5*m + 2435, 2*g + 245 = -i*m + 1209. Suppose -1808 + g = -4*j. Is j a prime number?
False
Let h = 456 + -406. Suppose -53*c = -h*c - 7419. Is c composite?
False
Suppose 474962 = 5*z - 3*c, 123*c + 189982 = 2*z + 119*c. Is z a prime number?
True
Suppose -5*t - 3*v = -340, 0 = -2*t + 22*v - 20*v + 152. Suppose 0 = -67*p + t*p - 11084. Is p composite?
True
Suppose i + 1255 = 3*c - 314, i = c - 521. Let l = c - 228. Suppose 5*w + l = 13*w. Is w prime?
True
Let z(n) = -3*n - 3. Let j be z(-2). Suppose -j*g - 194763 = -3*l, 357446 = 5*l - 4*g + 32845. Is (-2)/7 + 0 - l/(-21) composite?
True
Let y(q) = 394*q**2 - 94*q - 458. Is y(-5) a prime number?
False
Let l(w) = -7*w - 12 - 8*w**2 - 4 - 1 - 1 + w**3. Let i be l(9). Is i/(-3 + 7) - -1159 a prime number?
False
Let w = 432 + -432. Suppose 0*y - 3*y + c = -2364, -y + 5*c + 802 = w. Is y a prime number?
True
Let y(q) = 25505*q**2 - q + 1. Let v be y(2). Suppose -v = -23*g + 17466. Is g a composite number?
True
Let s be 3 + (-5 - -2*(14712 - 1)). Suppose 4*k + 4*l = s, -k + 7355 = l - 2*l. Is k composite?
True
Let i(s) = 151*s**2 + 40*s - 656. Is i(-27) a prime number?
True
Let z(w) be the first derivative of 49*w**2/2 + 10*w - 1. Suppose 0 = -3*x + 3*d + 48, 22*d - 27*d + 11 = 2*x. Is z(x) a composite number?
False
Let y(t) = -531*t**3 + 2*t**2 - 9*t - 10. Let v be y(-3). Let f = v + -8421. Is f prime?
False
Let x = -9 - -11. Suppose s + 1 = x*s, 0 = -3*z + s - 598. Let c = -125 - z. Is c composite?
True
Suppose -4*h + 1509 = -47071. Suppose 4561 = 2*g - h. Is g prime?
True
Suppose 4*m + 0*m + 2*b = 12438, -2 = -2*b. Suppose 5*i + 1162 = -7928. Let t = m + i. Is t prime?
True
Suppose -4*q - 5*z + 4437 = 0, 7*q - 3*z = 3*q + 4461. Let y(k) = k**2 + 8*k + 9. Let v be y(-7). Suppose d = v*f - 742, 9*f - q = 6*f - d. Is f prime?
False
Let o = -94 + 106. Let x = o - 4. Suppose -x*f + 6553 = -8223. Is f a prime number?
True
Let m(k) = -3*k**2 + 3*k + 254. Let f(b) = 23 + b**2 - 44 + 22. Let q(y) = 5*f(y) + m(y). Is q(0) composite?
True
Let s = -1149 - -22018. Is s prime?
False
Let m(b) = 36*b**3 + 39*b**2 - 146*b + 28. Is m(13) prime?
True
Let s(t) = -99*t - 182. Let r be s(-15). Let h = -656 + r. Is h prime?
True
Let a(d) = -5*d - 46. Let f be a(-10). Suppose 4486 + 6210 = f*q. Suppose -5*w + l + 4470 = 0, 0 = -3*w - 6*l + 5*l + q. Is w a prime number?
False
Let d(q) = 895*q - 7. Let w(m) = -10*m - 58. Let p be w(-6). Is d(p) composite?
False
Suppose 144 = -11*t + 8*t. Let u be (18/t)/(1/(-8)). Is -1 + ((-2162)/(-2) - u) prime?
False
Suppose 5*l = d + 246, 2*d + d = -3. Suppose -2*i + 65 = -l. Is i a prime number?
False
Let t(a) = 407*a + 20. Let r be t(-44). Let s = r + 31737. Is s a composite number?
True
Suppose 15*u - 3359733 = -235938. Is u a prime number?
True
Let o(l) = 7*l**2 + 2*l**3 - 9*l + 4*l**2 + 8*l**2 + 4 - 11*l**2. Let r be o(-5). Is r/5 - (-438180)/150 composite?
True
Let m be 30 + -30 + (-6)/1. Is (7 + m)/((-13215)/6609 + 2) a composite number?
False
Let x be 208 - -8*-1*(-15)/(-40). Let r = x - -1194. Is r a composite number?
False
Let h(g) = 8411*g**3 - g**2 + 7*g + 62. Is h(7) composite?
True
Is 1/((-18888093)/141663735 - (-4)/30) prime?
True
Let n(p) be the first derivative of 1 - 4/3*p**3 + p + 15/4*p**4 - 7/2*p**2. Is n(5) a composite number?
False
Suppose -46*c = -3134087 + 1894660 - 7119003. Is c a composite number?
True
Is (-87917)/(6/(-4)*(-256)/96 + -5) a composite number?
False
Let x(v) be the third derivative of 907*v**5/20 - v**4/6 + 5*v**3/6 - v**2 + 59*v. Is x(1) a composite number?
True
Let n(m) = -536*m**3 + 62*m**2 - 12*m + 13. Is n(-6) a prime number?
True
Suppose 293*s = 134*s + 94*s + 13548145. Is s a prime number?
True
Suppose 4*c - 2 = 2*c. Suppose 7 - c = d. Let g(h) = 2*h**2 - 2*h - 1. Is g(d) a composite number?
False
Suppose -10*g + 7741158 = 91*g + 153*g. Is g a composite number?
True
Let p(h) = 22*h**2 - 3*h + 7. Let m(r) = r + 6. Let a be m(-5). Let w be (0 - (5 - a)) + 0. Is p(w) composite?
True
Suppose d - 178381 = -3*s, -2*d - 4*s + 566113 = 209343. Is d a composite number?
False
Suppose -3 = 6*r - 21. Let s be (25 - 27)/(r/(-4) + 1). Let l(u) = u**3 + 10*u**2 + 6*u + 9. Is l(s) composite?
False
Suppose 4*c = d + 14, 2*c = -3*d - c - 12. Let z(k) = k**3 + 5*k**2 - 6*k + 14. Let x be z(d). Suppose 5*l = x*l - 57177. Is l a prime number?
True
Let i(j) = -1087*j - 124. Let h(a) = -3*a + 1. Let x(p) = 3*h(p) + i(p). Is x(-9) a composite number?
False
Let x be (1/(-2))/(22/(-44))*3. Suppose 17 + x = 5*m. Let a(h) = 718*h - 11. Is a(m) prime?
True
Let s(i) = -3*i**2 + 5*i - 212. Let p(h) = 2*h**2 - 3*h + 106. Let l be (3/(-2))/((-30)/(-100)). Let k(m) = l*p(m) - 3*s(m). Is k(0) composite?
True
Suppose -2*j + 73 = 4*r - 5*j, 3*r - 39 = -3*j. Let u = -12 + r. Suppose 3*o + 105 = 3*l, u*l - 5*o - 91 - 53 = 0. Is l a composite number?
False
Suppose 4*v - 3*h = 2*h - 35, 0 = 2*v - 4*h + 22. Let s(r) = 3 - 93*r - 7 - 18. Is s(v) a prime number?
True
Let i be (-24)/(-8)*(0 - 2/(-3)). Suppose 6*r - 2*r + 4*p - 41644 = 0, -20822 = -i*r + 2*p. Is r a prime number?
False
Let u(p) = -17*p**3 - 14*p**2 + 205. Is u(-34) a prime number?
True
Suppose -379 = 9*h - 55. Is (-9)/h*(3 + -1)*17090 a prime number?
False
Let s(d) = 5*d**3 + 10*d**2 - 4*d - 14. Let m(j) = 11*j**3 + 20*j**2 - 8*j - 27. Let t(v) = 6*m(v) - 13*s(v). Let n = 1210 - 1199. Is t(n) prime?
False
Let x = 25572 + -9789. Is x a composite number?
True
Suppose 3 = 4*i + u - 2, 0 = -2*i + u + 1. Let y be 36/(-9) - 0/i. Is (2395/25)/(y/(-20)) a prime number?
True
Let z be ((-1)/2)/((-4)/(-40)). Let b(d) = -7*d - 203. Let n be b(-29). Is (-716 + (-3 - n))*(z + 4) a composite number?
False
Let i = -3 + 2. Let j = 3164 - 3161. Is j - i*(1 + 105) a prime number?
True
Let q be (-325)/(-20) - 3/12. Is ((-6)/q)/(51/147118)*-4 composite?
False
Suppose 12*z - 7*z - 54170 = 5*v, v = -2*z + 21680. Let c(l) = 302*l**2 + 2*l + 3. Let r be c(3). Suppose d - b + 5*b - r = 0, -4*d - 2*b = -z. Is d composite?
False
Let n = 9243 - 3849. Suppose -c - 1490 = -4*r + 9310, -2*r = -2*c - n. Is r a prime number?
False
Let u(y) = -3*y - 40. Let p be u(-12). Is (-14488)/p + 2 + -1 a composite number?
False
Let l be (74660/(-25))/((-3)/15*2). Let i = l - 11047. Is 20/(-30) + i/(-3) a prime number?
True
Suppose -395*b = -392*b + 195186. Let c = -35273 - b. Is c composite?
False
Let n be (-20)/70 + 26/(-7). Let s be 2/2 - 1 - n. Suppose -5*w + 2*g + 5207 = 0, -3*g = 2*w - s*w + 2074. Is w a compos